{"id":2060,"date":"2013-07-24T09:57:58","date_gmt":"2013-07-24T07:57:58","guid":{"rendered":"http:\/\/www.w124.org\/sitepublic\/?page_id=2060"},"modified":"2024-05-16T14:09:31","modified_gmt":"2024-05-16T12:09:31","slug":"vendre-une-w124","status":"publish","type":"page","link":"https:\/\/www.w124.org\/sitepublic\/?page_id=2060","title":{"rendered":"Vendre une W124"},"content":{"rendered":"<p style=\"text-align: center;\"><strong>Informer gratuitement nos adh\u00e9rents de la mise en vente de votre Mercedes-Benz type 124 <\/strong><\/p>\n<p style=\"text-align: center;\"><strong><a href=\"http:\/\/www.w124.org\/sitepublic\/wp-content\/uploads\/2010\/08\/banniereVente1.jpg\"><img class=\"size-full wp-image-123 aligncenter lws-optimize-lazyload\" title=\"banniereVente\"  alt=\"\" width=\"750\" height=\"112\" data-src=\"http:\/\/www.w124.org\/sitepublic\/wp-content\/uploads\/2010\/08\/banniereVente1.jpg\" srcset=\"https:\/\/www.w124.org\/sitepublic\/wp-content\/uploads\/2010\/08\/banniereVente1.jpg 750w, https:\/\/www.w124.org\/sitepublic\/wp-content\/uploads\/2010\/08\/banniereVente1-250x37.jpg 250w, https:\/\/www.w124.org\/sitepublic\/wp-content\/uploads\/2010\/08\/banniereVente1-600x90.jpg 600w, https:\/\/www.w124.org\/sitepublic\/wp-content\/uploads\/2010\/08\/banniereVente1-300x44.jpg 300w, https:\/\/www.w124.org\/sitepublic\/wp-content\/uploads\/2010\/08\/banniereVente1-150x22.jpg 150w, https:\/\/www.w124.org\/sitepublic\/wp-content\/uploads\/2010\/08\/banniereVente1-400x59.jpg 400w\" sizes=\"(max-width: 750px) 100vw, 750px\" \/><\/a><br \/>\n<\/strong>Pour qu&rsquo;elle soit toujours dans de bonnes mains !<\/p>\n<p style=\"text-align: center;\"><span style=\"color: #ff0000;\">Seule l&rsquo;annonce d&rsquo;une w124 conforme aux exigences du club (pas de tuning, GPL etc.) sera diffus\u00e9e.<\/span><\/p>\n<p><span style=\"color: #ffffff;\">.<\/span><\/p>\n\n<div class=\"wpcf7 no-js\" id=\"wpcf7-f1561-o1\" lang=\"en-US\" dir=\"ltr\" data-wpcf7-id=\"1561\">\n<div class=\"screen-reader-response\"><p role=\"status\" aria-live=\"polite\" aria-atomic=\"true\"><\/p> <ul><\/ul><\/div>\n<form action=\"\/sitepublic\/index.php?rest_route=%2Fwp%2Fv2%2Fpages%2F2060#wpcf7-f1561-o1\" method=\"post\" class=\"wpcf7-form init\" aria-label=\"Contact form\" enctype=\"multipart\/form-data\" novalidate=\"novalidate\" data-status=\"init\">\n<fieldset class=\"hidden-fields-container\"><input type=\"hidden\" name=\"_wpcf7\" value=\"1561\" \/><input type=\"hidden\" name=\"_wpcf7_version\" value=\"6.1.5\" \/><input type=\"hidden\" name=\"_wpcf7_locale\" value=\"en_US\" \/><input type=\"hidden\" name=\"_wpcf7_unit_tag\" value=\"wpcf7-f1561-o1\" \/><input type=\"hidden\" name=\"_wpcf7_container_post\" value=\"0\" \/><input type=\"hidden\" name=\"_wpcf7_posted_data_hash\" value=\"\" \/>\n<\/fieldset>\n<div class=\"wpcf7-turnstile cf-turnstile\" data-sitekey=\"0x4AAAAAACvULQdjCfHK5wnT\" data-response-field-name=\"_wpcf7_turnstile_response\"><\/div>\n\n<p>Les champs avec une * sont \u00e0 remplir obligatoirement.\n<\/p>\n<p>*Votre nom \/ pr\u00e9nom : <span class=\"wpcf7-form-control-wrap\" data-name=\"your-name\"><input size=\"40\" maxlength=\"400\" class=\"wpcf7-form-control wpcf7-text wpcf7-validates-as-required\" aria-required=\"true\" aria-invalid=\"false\" value=\"\" type=\"text\" name=\"your-name\" \/><\/span>\n<\/p>\n<p>*Votre email : <span class=\"wpcf7-form-control-wrap\" data-name=\"your-email\"><input size=\"40\" maxlength=\"400\" class=\"wpcf7-form-control wpcf7-email wpcf7-validates-as-required wpcf7-text wpcf7-validates-as-email\" aria-required=\"true\" aria-invalid=\"false\" value=\"\" type=\"email\" name=\"your-email\" \/><\/span>\n<\/p>\n<p> Ville : <span class=\"wpcf7-form-control-wrap\" data-name=\"text-311\"><input size=\"40\" maxlength=\"400\" class=\"wpcf7-form-control wpcf7-text\" aria-invalid=\"false\" value=\"\" type=\"text\" name=\"text-311\" \/><\/span>\n<\/p>\n<p>*Code postal : <span class=\"wpcf7-form-control-wrap\" data-name=\"text-876\"><input size=\"40\" maxlength=\"6\" class=\"wpcf7-form-control wpcf7-text wpcf7-validates-as-required\" aria-required=\"true\" aria-invalid=\"false\" value=\"\" type=\"text\" name=\"text-876\" \/><\/span>\n<\/p>\n<p>*T\u00e9l\u00e9phone : <span class=\"wpcf7-form-control-wrap\" data-name=\"text-614\"><input size=\"40\" maxlength=\"20\" class=\"wpcf7-form-control wpcf7-text wpcf7-validates-as-required\" aria-required=\"true\" aria-invalid=\"false\" value=\"\" type=\"text\" name=\"text-614\" \/><\/span>\n<\/p>\n<p>*Mod\u00e8le : <span class=\"wpcf7-form-control-wrap\" data-name=\"menu-226\"><select class=\"wpcf7-form-control wpcf7-select wpcf7-validates-as-required\" aria-required=\"true\" aria-invalid=\"false\" name=\"menu-226\"><option value=\"200\">200<\/option><option value=\"220\">220<\/option><option value=\"230\">230<\/option><option value=\"250\">250<\/option><option value=\"260\">260<\/option><option value=\"280\">280<\/option><option value=\"300\">300<\/option><option value=\"320\">320<\/option><option value=\"400\">400<\/option><option value=\"420\">420<\/option><option value=\"500\">500<\/option><\/select><\/span>\n<\/p>\n<p>*Type : <span class=\"wpcf7-form-control-wrap\" data-name=\"menu-461\"><select class=\"wpcf7-form-control wpcf7-select wpcf7-validates-as-required\" aria-required=\"true\" aria-invalid=\"false\" name=\"menu-461\"><option value=\"Berline\">Berline<\/option><option value=\"Break\">Break<\/option><option value=\"Cabriolet\">Cabriolet<\/option><option value=\"Coup\u00e9\">Coup\u00e9<\/option><option value=\"Limousine\">Limousine<\/option><option value=\"Sp\u00e9ciale\">Sp\u00e9ciale<\/option><\/select><\/span>\n<\/p>\n<p>Soupapes : <span class=\"wpcf7-form-control-wrap\" data-name=\"menu-350\"><select class=\"wpcf7-form-control wpcf7-select\" aria-invalid=\"false\" name=\"menu-350\"><option value=\"\">&#8212;Please choose an option&#8212;<\/option><option value=\"8\">8<\/option><option value=\"10\">10<\/option><option value=\"12\">12<\/option><option value=\"16\">16<\/option><option value=\"20\">20<\/option><option value=\"24\">24<\/option><option value=\"32\">32<\/option><\/select><\/span>\n<\/p>\n<p>*Carburant : <span class=\"wpcf7-form-control-wrap\" data-name=\"checkbox-557\"><span class=\"wpcf7-form-control wpcf7-checkbox wpcf7-validates-as-required wpcf7-exclusive-checkbox\"><span class=\"wpcf7-list-item first\"><input type=\"checkbox\" name=\"checkbox-557\" value=\"Essence\" \/><span class=\"wpcf7-list-item-label\">Essence<\/span><\/span><span class=\"wpcf7-list-item last\"><input type=\"checkbox\" name=\"checkbox-557\" value=\"Diesel\" \/><span class=\"wpcf7-list-item-label\">Diesel<\/span><\/span><\/span><\/span>\n<\/p>\n<p>Boite de vitesse : <span class=\"wpcf7-form-control-wrap\" data-name=\"menu-307\"><select class=\"wpcf7-form-control wpcf7-select\" aria-invalid=\"false\" name=\"menu-307\"><option value=\"Manuelle\">Manuelle<\/option><option value=\"Automatique\">Automatique<\/option><\/select><\/span>\n<\/p>\n<p>Version(s) : <span class=\"wpcf7-form-control-wrap\" data-name=\"checkbox-525\"><span class=\"wpcf7-form-control wpcf7-checkbox\"><span class=\"wpcf7-list-item first\"><input type=\"checkbox\" name=\"checkbox-525[]\" value=\"Sportline\" \/><span class=\"wpcf7-list-item-label\">Sportline<\/span><\/span><span class=\"wpcf7-list-item\"><input type=\"checkbox\" name=\"checkbox-525[]\" value=\"Turbo\" \/><span class=\"wpcf7-list-item-label\">Turbo<\/span><\/span><span class=\"wpcf7-list-item\"><input type=\"checkbox\" name=\"checkbox-525[]\" value=\"4-Matic\" \/><span class=\"wpcf7-list-item-label\">4-Matic<\/span><\/span><span class=\"wpcf7-list-item\"><input type=\"checkbox\" name=\"checkbox-525[]\" value=\"AMG\" \/><span class=\"wpcf7-list-item-label\">AMG<\/span><\/span><span class=\"wpcf7-list-item\"><input type=\"checkbox\" name=\"checkbox-525[]\" value=\"Brabus\" \/><span class=\"wpcf7-list-item-label\">Brabus<\/span><\/span><span class=\"wpcf7-list-item\"><input type=\"checkbox\" name=\"checkbox-525[]\" value=\"Duchatelet\" \/><span class=\"wpcf7-list-item-label\">Duchatelet<\/span><\/span><span class=\"wpcf7-list-item\"><input type=\"checkbox\" name=\"checkbox-525[]\" value=\"Carlsson\" \/><span class=\"wpcf7-list-item-label\">Carlsson<\/span><\/span><span class=\"wpcf7-list-item last\"><input type=\"checkbox\" name=\"checkbox-525[]\" value=\"Lorinser\" \/><span class=\"wpcf7-list-item-label\">Lorinser<\/span><\/span><\/span><\/span>\n<\/p>\n<p>Sellerie : <span class=\"wpcf7-form-control-wrap\" data-name=\"menu-379\"><select class=\"wpcf7-form-control wpcf7-select\" aria-invalid=\"false\" name=\"menu-379\"><option value=\"Tissus\">Tissus<\/option><option value=\"Cuir\">Cuir<\/option><option value=\"MB-Tex\">MB-Tex<\/option><\/select><\/span>\n<\/p>\n<p>Teinte de la sellerie : <span class=\"wpcf7-form-control-wrap\" data-name=\"menu-203\"><select class=\"wpcf7-form-control wpcf7-select\" aria-invalid=\"false\" name=\"menu-203\"><option value=\"\">&#8212;Please choose an option&#8212;<\/option><option value=\"Bleu\">Bleu<\/option><option value=\"Cr\u00e8me\">Cr\u00e8me<\/option><option value=\"Datte\">Datte<\/option><option value=\"Gris\">Gris<\/option><option value=\"Marron\">Marron<\/option><option value=\"Noir\">Noir<\/option><option value=\"Rouge\">Rouge<\/option><option value=\"Vert\">Vert<\/option><\/select><\/span>\n<\/p>\n<p>Climatisation : <span class=\"wpcf7-form-control-wrap\" data-name=\"menu-76\"><select class=\"wpcf7-form-control wpcf7-select\" aria-invalid=\"false\" name=\"menu-76\"><option value=\"Non\">Non<\/option><option value=\"Manuelle\">Manuelle<\/option><option value=\"Automatique\">Automatique<\/option><\/select><\/span>\n<\/p>\n<p>S\u00e9rie sp\u00e9ciale : <span class=\"wpcf7-form-control-wrap\" data-name=\"menu-984\"><select class=\"wpcf7-form-control wpcf7-select\" aria-invalid=\"false\" name=\"menu-984\"><option value=\"\">&#8212;Please choose an option&#8212;<\/option><option value=\"Air-Bag\">Air-Bag<\/option><option value=\"Cocooning\">Cocooning<\/option><option value=\"Collection\">Collection<\/option><option value=\"Contact\">Contact<\/option><option value=\"Final edition\">Final edition<\/option><option value=\"Limited\">Limited<\/option><option value=\"Prestige\">Prestige<\/option><option value=\"Optimum\">Optimum<\/option><option value=\"R\u00e9f\u00e9rence\">R\u00e9f\u00e9rence<\/option><option value=\"Temp\u00e9r\u00e9e\">Temp\u00e9r\u00e9e<\/option><\/select><\/span>\n<\/p>\n<p>*Kilom\u00e9trage : <span class=\"wpcf7-form-control-wrap\" data-name=\"text-974\"><input size=\"40\" maxlength=\"12\" class=\"wpcf7-form-control wpcf7-text wpcf7-validates-as-required\" aria-required=\"true\" aria-invalid=\"false\" value=\"\" type=\"text\" name=\"text-974\" \/><\/span><span class=\"wpcf7-form-control-wrap\" data-name=\"checkbox-685\"><span class=\"wpcf7-form-control wpcf7-checkbox wpcf7-exclusive-checkbox\"><span class=\"wpcf7-list-item first\"><input type=\"checkbox\" name=\"checkbox-685\" value=\"Compteur\" \/><span class=\"wpcf7-list-item-label\">Compteur<\/span><\/span><span class=\"wpcf7-list-item last\"><input type=\"checkbox\" name=\"checkbox-685\" value=\"Certifi\u00e9s\" \/><span class=\"wpcf7-list-item-label\">Certifi\u00e9s<\/span><\/span><\/span><\/span>\n<\/p>\n<p>*Date de la 1\u00e8re Immatriculation (JJ\/MM\/AAAA) : <span class=\"wpcf7-form-control-wrap\" data-name=\"text-350\"><input size=\"40\" maxlength=\"10\" class=\"wpcf7-form-control wpcf7-text wpcf7-validates-as-required\" aria-required=\"true\" aria-invalid=\"false\" value=\"\" type=\"text\" name=\"text-350\" \/><\/span>\n<\/p>\n<p>Nombre d'anciens propri\u00e9taires vous inclus : <span class=\"wpcf7-form-control-wrap\" data-name=\"menu-153\"><select class=\"wpcf7-form-control wpcf7-select\" aria-invalid=\"false\" name=\"menu-153\"><option value=\"\">&#8212;Please choose an option&#8212;<\/option><option value=\"Premi\u00e8res mains\">Premi\u00e8res mains<\/option><option value=\"2\">2<\/option><option value=\"3\">3<\/option><option value=\"+ de 3\">+ de 3<\/option><option value=\"Inconnu\">Inconnu<\/option><\/select><\/span>\n<\/p>\n<p>N\u00b0 de s\u00e9rie sur la carte grise commence par WDB124 : <span class=\"wpcf7-form-control-wrap\" data-name=\"text-388\"><input size=\"40\" maxlength=\"17\" class=\"wpcf7-form-control wpcf7-text\" aria-invalid=\"false\" value=\"\" type=\"text\" name=\"text-388\" \/><\/span>\n<\/p>\n<p>*Prix de vente : <span class=\"wpcf7-form-control-wrap\" data-name=\"text-716\"><input size=\"40\" maxlength=\"8\" class=\"wpcf7-form-control wpcf7-text wpcf7-validates-as-required\" aria-required=\"true\" aria-invalid=\"false\" value=\"\" type=\"text\" name=\"text-716\" \/><\/span>\n<\/p>\n<p>*Photo du v\u00e9hicule : <span class=\"wpcf7-form-control-wrap\" data-name=\"file-388\"><input size=\"40\" class=\"wpcf7-form-control wpcf7-file wpcf7-validates-as-required\" accept=\"audio\/*,video\/*,image\/*\" aria-required=\"true\" aria-invalid=\"false\" type=\"file\" name=\"file-388\" \/><\/span>\n<\/p>\n<p>Commentaires :\n<\/p>\n<p><span class=\"wpcf7-form-control-wrap\" data-name=\"your-message\"><textarea cols=\"40\" rows=\"10\" maxlength=\"2000\" class=\"wpcf7-form-control wpcf7-textarea\" aria-invalid=\"false\" name=\"your-message\"><\/textarea><\/span>\n<\/p>\n<p align=\"center\"><input class=\"wpcf7-form-control wpcf7-submit has-spinner\" type=\"submit\" value=\"Envoyer\" \/>\n<\/p><p style=\"display: none !important;\" class=\"akismet-fields-container\" data-prefix=\"_wpcf7_ak_\"><label>&#916;<textarea name=\"_wpcf7_ak_hp_textarea\" cols=\"45\" rows=\"8\" maxlength=\"100\"><\/textarea><\/label><input type=\"hidden\" id=\"ak_js_1\" name=\"_wpcf7_ak_js\" value=\"178\"\/><script>document.getElementById( \"ak_js_1\" ).setAttribute( \"value\", ( new Date() ).getTime() );<\/script><\/p><div class=\"wpcf7-response-output\" aria-hidden=\"true\"><\/div>\n<\/form>\n<\/div>\n\n<p style=\"text-align: justify;\">Apr\u00e8s avois appuy\u00e9 sur le bouton \u00ab\u00a0envoyer\u00a0\u00bb vous recevrez imm\u00e9diatement une copie de votre annonce pas mail. En cas de probl\u00e8me lors du d\u00e9p\u00f4t de votre annonce, n&rsquo;h\u00e9sitez pas \u00e0 nous contacter en direct : <a href=\"\/sitepublic\/?page_id=4286\">formulaire de contact<\/a><\/p>\n<p>Les annonces valid\u00e9es sont mises en ligne sur le forum du club et visibles par tous y compris nos visiteurs apr\u00e8s un d\u00e9lai de 24 \u00e0 48h. Pour v\u00e9rifier que votre annonce est en ligne suivez ce lien : <a href=\"https:\/\/www.w124.org\/forum\/node\/40\" target=\"_blank\" rel=\"noopener\">Annonces<\/a>. L&rsquo;@micale se r\u00e9serve le droit de modifier ou ne pas diffuser une annonce sans devoir se justifier. Ce sont les conditions \u00e0 accepter pour que nous diffusions gratuitement votre petite annonce.<\/p>\n","protected":false},"excerpt":{"rendered":"<p style=\"text-align: center;\">Informer gratuitement nos adh\u00e9rents de la mise en vente de votre Mercedes-Benz type 124 <\/p>\n<p style=\"text-align: center;\"> Pour qu&rsquo;elle soit toujours dans de bonnes mains !<\/p>\n<p style=\"text-align: center;\">Seule l&rsquo;annonce d&rsquo;une w124 conforme aux exigences du club (pas de tuning, GPL etc.) sera diffus\u00e9e.<\/p>\n<p>.<\/p>\n<p role=\"status\" aria-live=\"polite\" aria-atomic=\"true\">\n<p>Les champs avec <span style=\"color:#777\"> . . . &rarr; Lire tout l&rsquo;article: <a href=\"https:\/\/www.w124.org\/sitepublic\/?page_id=2060\">Vendre une W124<\/a><\/span><\/p>\n","protected":false},"author":1,"featured_media":0,"parent":3057,"menu_order":20,"comment_status":"closed","ping_status":"closed","template":"","meta":{"om_disable_all_campaigns":false,"_monsterinsights_skip_tracking":false,"_monsterinsights_sitenote_active":false,"_monsterinsights_sitenote_note":"","_monsterinsights_sitenote_category":0,"ngg_post_thumbnail":0,"footnotes":""},"class_list":["post-2060","page","type-page","status-publish","hentry","odd"],"aioseo_notices":[],"_links":{"self":[{"href":"https:\/\/www.w124.org\/sitepublic\/index.php?rest_route=\/wp\/v2\/pages\/2060","targetHints":{"allow":["GET"]}}],"collection":[{"href":"https:\/\/www.w124.org\/sitepublic\/index.php?rest_route=\/wp\/v2\/pages"}],"about":[{"href":"https:\/\/www.w124.org\/sitepublic\/index.php?rest_route=\/wp\/v2\/types\/page"}],"author":[{"embeddable":true,"href":"https:\/\/www.w124.org\/sitepublic\/index.php?rest_route=\/wp\/v2\/users\/1"}],"replies":[{"embeddable":true,"href":"https:\/\/www.w124.org\/sitepublic\/index.php?rest_route=%2Fwp%2Fv2%2Fcomments&post=2060"}],"version-history":[{"count":12,"href":"https:\/\/www.w124.org\/sitepublic\/index.php?rest_route=\/wp\/v2\/pages\/2060\/revisions"}],"predecessor-version":[{"id":9440,"href":"https:\/\/www.w124.org\/sitepublic\/index.php?rest_route=\/wp\/v2\/pages\/2060\/revisions\/9440"}],"up":[{"embeddable":true,"href":"https:\/\/www.w124.org\/sitepublic\/index.php?rest_route=\/wp\/v2\/pages\/3057"}],"wp:attachment":[{"href":"https:\/\/www.w124.org\/sitepublic\/index.php?rest_route=%2Fwp%2Fv2%2Fmedia&parent=2060"}],"curies":[{"name":"wp","href":"https:\/\/api.w.org\/{rel}","templated":true}]}}